 118 = -4*u + a + 575, -o*u = -3*a - 221. Is u a prime number?
False
Suppose 19*u - 1191 = 16*u. Is u a prime number?
True
Let g = 85 - 48. Is g a composite number?
False
Let z(n) = 3*n**2 + 30*n + 11. Let b(s) = -s**2 - 10*s - 4. Let y(j) = -17*b(j) - 6*z(j). Let w be y(-10). Is ((-5)/w)/5*-326 a composite number?
False
Suppose 3*g = 3 + 3. Suppose 5*y + h = 2, -h + 0*h = -4*y - g. Suppose y*k = -2*k + 266. Is k a composite number?
True
Is 7/(42/12)*35/2 a prime number?
False
Let r = -16 - 125. Let s = r - -300. Is s a composite number?
True
Let q(r) = r**2 + r - 2. Let h be q(0). Is h/(((-6)/885)/1) prime?
False
Suppose -i + 11 = 2*s - 3, -5*i + 20 = 0. Let r = s - 3. Suppose -x + 57 = r*x. Is x composite?
False
Let t(i) = -3*i**2 + i - 3. Let p(m) = 2*m**2 - m + 2. Let l(j) = -4*p(j) - 3*t(j). Is l(-5) a composite number?
True
Suppose -66 + 202 = 2*z - r, -5*z - 4*r = -327. Is z a composite number?
False
Let q = 475 - -784. Is q composite?
False
Suppose 5*t = 4*l + t - 1676, 4*t = -5*l + 2095. Is l a composite number?
False
Let p = -9 + 16. Let u(a) = 0 - 8*a**2 + 0 + a**3 + 10*a. Is u(p) prime?
False
Suppose 4*j - 20 = 2*k, -3*k - 4*j = -6*k - 20. Suppose k = 4*g, 3*y - 5*g + 0 - 9 = 0. Suppose 2*i - 4*q - 246 = 0, y*i + 5*q - q - 319 = 0. Is i composite?
False
Suppose 0 = 4*w + 3*p - 2237 + 204, -2038 = -4*w + 2*p. Is w composite?
False
Suppose -2*z + 4*f = 0, -4*z = -2*z + 3*f. Suppose z*p = 5*p - 115. Is p composite?
False
Let x be (-32)/(-12) - (-6)/(-9). Is (x/3)/((-18)/(-837)) composite?
False
Suppose -3*o = -2*m - 113, 2*o + 2*m + 25 - 107 = 0. Let y = 4 + -2. Suppose -u + o = y*u. Is u composite?
False
Let b = -227 - -151. Let f = b + 135. Is f a prime number?
True
Let u be 4 - (-2 - 0) - 1. Let t(v) = 2*v**3 - 5*v**2 - 7*v + 7. Is t(u) composite?
False
Suppose -12*r + 3*r = -4041. Is r prime?
True
Let l = 177 + 154. Is l a composite number?
False
Let t(k) = 18*k**2 + 5*k - 4*k - 16*k**2. Let g = 13 - 8. Is t(g) composite?
True
Suppose -2*x + 2695 = h + 4*h, -516 = -h - 5*x. Is h a composite number?
False
Let t(x) = x**3 - 12*x**2 + 15*x + 6. Let n be t(13). Is (n/(-6))/(3/(-9)) prime?
False
Let r be 3/(-6)*-254 + -3. Suppose -2*y + 4*y = r. Is y a composite number?
True
Suppose -2*h + 0*h - 930 = 0. Let i = 804 + h. Is i a composite number?
True
Let l be (-2 - 28)*41/(-2). Suppose -m + 2 = -2. Suppose -5*j - h = -l, 0*j + j - m*h = 123. Is j prime?
False
Let n = 115 - 46. Is n a composite number?
True
Let d(p) = 42*p + 4. Let k be d(9). Suppose -5*u = -3*u - k. Is u prime?
True
Suppose -p = -162 - 37. Is p composite?
False
Let n(y) = -y - 10. Let p be n(-9). Let d(v) be the third derivative of 43*v**5/60 - v**4/24 - v**3/6 + 4*v**2. Is d(p) composite?
False
Let x(r) = -6*r - 3 + 4*r + 0 - 7*r. Is x(-4) a prime number?
False
Let b = 712 - -157. Is b composite?
True
Is (-379)/(((-2)/(-8))/(6/(-8))) a composite number?
True
Suppose 2*l = 9*l - 1477. Suppose 2*k - 201 = l. Is k a prime number?
False
Let m be 15/(-2)*(10 + -8). Is 18/8*(-40)/m a composite number?
True
Suppose -n + 567 = -4*i - 1604, 5*i - 10830 = -5*n. Is n composite?
True
Suppose 16 = 5*q + 6. Let i(r) = 7*r**3 + 3*r**2 - 1. Is i(q) a composite number?
False
Let t(w) = w**2 + 7*w - 1. Is t(-13) a prime number?
False
Suppose -f - 4*a = f - 1168, 4*a - 582 = -f. Is f prime?
False
Let g be (2 + 2 - 2)*1. Suppose -g*x + 713 = 111. Is x a composite number?
True
Let w(n) = -n**3 + 4*n**2 - 3*n - 4. Let b be w(3). Let l(o) = o**3. Let t(u) = 3*u**3 - 8*u**2 - 4*u - 1. Let k(g) = b*l(g) + t(g). Is k(-8) composite?
False
Let q be (-1)/(-3) - 95/15. Let x be (-18)/4*80/q. Suppose 3*t = -t + x. Is t composite?
True
Let p be 4/(-4) + 53*1. Suppose 5*g + 125 = -2*x, g + 22 = -0*g - x. Let i = p + g. Is i a composite number?
True
Let y(d) = -d**3 - d**2 + 2. Let q be y(0). Is (-5)/((-5)/4) + q a composite number?
True
Let g(o) = 5*o**3 + 2*o**2 + o + 3. Let y be g(3). Let v = -92 + y. Is v a prime number?
True
Let d = 41 + -3. Suppose -135 + d = -5*q + 2*z, -5*q + 3*z = -93. Is q a composite number?
True
Let y(u) = 6*u**3 + 2*u**2 + 2. Let t be (-5)/(-2) - (-4)/(-8). Is y(t) a composite number?
True
Let c = 0 + 0. Suppose c*n + n = -544. Let a = -387 - n. Is a composite?
False
Let b(f) = -26*f + 3. Is b(-8) a composite number?
False
Let d = 201 - 90. Is d composite?
True
Let y = 8 - 4. Suppose -w - y*v - 5 = -96, 338 = 3*w - v. Is w a prime number?
False
Suppose -r = 2*r. Suppose 3*u - 641 = 2*o, r*u + 856 = 4*u - 3*o. Is u a prime number?
True
Let u(n) = n**2 - n - 51. Let j be u(0). Let p = -29 - j. Let g = 53 - p. Is g prime?
True
Let m(s) = s**3 + 7*s**2 + 3*s - 5. Let v be m(-5). Is (92/6)/(4/v) prime?
False
Suppose 2*o - 5*o = f - 267, 0 = -4*f + 3*o + 1023. Suppose 3*t - 375 = f. Is t composite?
False
Let i(d) = d**2 - 6*d - 7. Let a be i(7). Suppose 3*j - j - 266 = a. Is j a composite number?
True
Let w(n) = 3*n**2 + 8*n - 8. Let y(p) = -p**3 + 14*p**2 - p + 1. Let u be y(14). Is w(u) a prime number?
False
Let f be 604 + (-3)/(4 + -1). Suppose 0 = -5*v + q + f, -3*v = 2*q - 435 + 68. Is v a composite number?
True
Let i(d) = -5 + 0*d + 2*d**2 - 9*d + 3 - 2. Let b be i(-6). Suppose 5*s - 263 = b. Is s composite?
True
Let b(p) be the first derivative of p**5/20 - 5*p**4/12 + p**3/3 + 7*p**2/2 + p + 1. Let o(c) be the first derivative of b(c). Is o(6) composite?
True
Let m = 24 - -15. Suppose 28 = 2*b - 4. Suppose -v + m = -b. Is v a composite number?
True
Let l = 1 - -8. Suppose k - 56 = -3*q, -4*k + q - 294 = -l*k. Is k composite?
False
Let j(t) = -55*t - 1. Let h be j(-2). Suppose 2*q - 60 = -q. Suppose a - h = -q. Is a composite?
False
Let g = -6 - -10. Suppose s + g*s - 185 = 0. Is s composite?
False
Let y = -17 + 11. Is 5 - y - -1*2 composite?
False
Let v = 1047 + -710. Is v composite?
False
Let y(j) = -243*j + 2. Is y(-9) prime?
False
Suppose -15*p + 72752 = p. Is p prime?
True
Is 2/(-7) - (0 + (-2767)/7) a composite number?
True
Let n = 213 - 90. Let s = n - 70. Is s prime?
True
Let g(o) = 159*o - 6. Is g(5) a prime number?
False
Let k be 72/28 + (-4)/7. Is 123 + 2 - k*-1 prime?
True
Let x = -3 - 3. Let f = 11 + x. Suppose 0 = f*y - 36 - 79. Is y composite?
False
Suppose 4*u = -w + 95 + 43, 5*w = 2*u + 668. Is w prime?
False
Is (-1 + 9)*(-296)/(-32) composite?
True
Suppose -4*r + 4402 = -5434. Is r composite?
False
Let w(t) = 5*t - 1. Let a be w(1). Suppose -s + 0*s + a = 0. Is s prime?
False
Let k = -2 - 6. Let w = k - -39. Is w a prime number?
True
Let o(g) be the second derivative of -g**4/12 + 4*g**3/3 - g**2/2 - g. Let f be o(8). Let l = 7 + f. Is l a composite number?
True
Suppose y = 6*y - 4*n - 230, 40 = y - 2*n. Suppose -8*m + y = -3*m. Suppose 5*x + m = 195. Is x a composite number?
False
Suppose 0 = -2*l + r + 934, 3*l - 5*r - 1170 = 217. Is l a composite number?
True
Suppose 2*o - 351 = 5*m, -3*o = 2*m + 3*m - 489. Let b = o + -77. Is b a composite number?
True
Let d be 6/(0 - 3)*-1. Let t be 1*(d - 7)*-1. Suppose -3*i = y - 28, -t*y + i - 48 = -236. Is y composite?
False
Let c be ((-6)/18)/(2/(-732)). Let v = 279 - c. Is v composite?
False
Let f = -6 - -13. Let v(a) = -3*a**2 - 20*a - 9. Let d(l) = 2*l**2 + 13*l + 6. Let y(h) = f*d(h) + 5*v(h). Is y(-7) prime?
True
Let f = 1549 + -778. Is f composite?
True
Let a = 31 + -29. Let x(r) = 112*r - 1. Is x(a) composite?
False
Is (-2 + 3)*23 - -2 prime?
False
Is 14192/24*6/4 prime?
True
Let s(u) = -u**3 + 0*u**2 + 4*u**2 + 5*u**2 + 12 - 9*u. Let h be s(8). Is -2*((-10)/h + 1) a composite number?
False
Let g = 352 + 615. Is g a prime number?
True
Let n(h) be the first derivative of 1/4*h**4 + 2 - 5*h - 1/2*h**2 + 7/3*h**3. Is n(-6) composite?
False
Suppose 385 = a - 2*c, 4*c - 1232 - 344 = -4*a. Is a a composite number?
True
Let l = -3 + 8. Suppose 3*h - l*p - 930 = -2*h, -5*h - 4*p + 939 = 0. Is h a prime number?
False
Is (666/8 - -2)*4 a composite number?
True
Let z be (-8)/12*9/2. Let b(c) = 12*c**2 - c + 4. Is b(z) composite?
True
Let u(v) = 6*v**2 - 1. Let m(p) = -p**3 - p**2 - 2. Let a be m(-2). Is u(a) a composite number?
False
Suppose 5*h - 3*c - 1 = 0, 4*h - 6*h = -2*c + 2. Suppose 27 = -h*l + 73. Is l a composite number?
False
Suppose 2*t + 1301 = 4733. Let d be t/9 - (-4)/(-6). Suppose 0 = -4*l + 5*